1. Let w(u) = -287*u + 39. Let d(o) = -9*k(o) + w(o). Give d(-15).
15
Let s(g) = 16148 - 41*g - 63*g + 35*g - 32302 + 16149. Give s(0).
-5
Let s(c) = -c**3 - 14*c**2 + 6. Suppose 3 = -5*b + 2*w + 111, 5*b = 4*w + 106. Suppose -7*t + 210 = -b*t. What is s(t)?
6
Let l(z) be the first derivative of 100*z**3/3 - z**2 + z + 1691. Calculate l(1).
99
Suppose -9*b + 2966 - 3011 = 0. Let v(p) = 19*p - 20*p - 1 + 5*p. Determine v(b).
-21
Let p(z) = -z**2 + 5201*z - 11412*z - 6 + 6216*z. Let g be -3*(1 - 0)*-1. Give p(g).
0
Let y(r) be the third derivative of r**5/60 + 5*r**4/24 + r**3/3 + 1223*r**2. Determine y(-2).
-4
Let k be (-69)/15 + 40/25. Let z(y) be the second derivative of -y**4/6 - y**3/2 + 3*y**2/2 - 2*y. Give z(k).
-6
Let f(v) = -v**2 + v - 5. Suppose 72*g - 227 = -15 + 220. Calculate f(g).
-35
Suppose 180 = 14*s + 16*s. Let b(q) = -25*q - 5. Let n(g) = -24*g - 4. Let f(x) = s*b(x) - 7*n(x). Calculate f(2).
34
Suppose 2*f + 2*v - 20 = -0*f, 3*v = -f + 4. Let w(n) = 7*n - f*n + 25 - 26. Let g = -2 - -3. Give w(g).
-7
Let a(i) = i**3 + 5*i**2 - 11*i + 19. Suppose 15*s - 616 = 43*s + 60*s. Determine a(s).
-2
Let x(s) be the third derivative of s**6/60 + 2*s**5/15 + 11*s**4/24 - s**3/3 - 679*s**2. What is x(-3)?
-17
Suppose -15*p + 182 = -11*p + 2*d, 5*p = 2*d + 223. Suppose p*g - 15 = 42*g. Let l(a) = -3*a**3 + 6 + 4*a**2 + 3*a + 2*a**3 + 0. Determine l(g).
-4
Let c(h) = h**3 - 8*h**2 + 7*h + 8. Suppose 0 = -4*a + 952 + 488. Let n = a - 353. Calculate c(n).
8
Let z(w) = 41 + 27 - 54 - 3*w + 2*w. Give z(16).
-2
Let c(a) be the second derivative of -a**4/12 - 5*a**3/6 + 3*a**2/2 - a. Let q = -33439 - -33434. Give c(q).
3
Suppose -52*n - 24 = 5*o - 49*n, -4*o - 5*n - 27 = 0. Let j(k) = -2*k**3 - 7*k**2 + k - 1. Calculate j(o).
-13
Let c(w) = -3*w**2 - 6*w - 3. Let p(q) = 16*q**2 + 29*q + 16. Let j(o) = 11*c(o) + 2*p(o). Suppose -3*t + 21 = 0, -4*k + 3*k + 6*t = -3*k + 30. Determine j(k).
11
Let n(r) = 3*r**2 - 6*r + 1. Suppose 175 = -8*y + 199. Give n(y).
10
Let m(y) = -7*y + 87. Let a(k) = k**2 + 9*k + 2. Let i be a(-10). Determine m(i).
3
Let r(v) = -v**3 + 6*v**2 + 10*v - 10. Let m(t) = t**3 - 8*t**2 + 11*t + 14. Let f be m(6). Suppose 6 + f = 2*x. Give r(x).
11
Let y(l) = -3*l + 0*l**2 - 4*l**2 - 2 - l**3 + l**2. Let m be (-580)/(-15) - 3*(-2)/18. Suppose 5*p - 18*p - m = 0. What is y(p)?
7
Let y be -9 - 5/((-1200)/2170). Let a(h) be the third derivative of 5/3*h**3 - y*h**4 + 2*h**2 + 0 + 0*h. Calculate a(8).
2
Let u be 6/81*3 - (-3 - (-272)/(-72)). Let p(y) = 2*y**2 - 15*y + 4. What is p(u)?
-3
Let l(u) = -u**3 - 4*u**2 - u - 2. Let w(c) = -2*c**3 - 14*c**2 - 10*c - 17. Let x(i) = 4*l(i) - w(i). What is x(-4)?
81
Suppose 5*p - 31 = -3*z, 1 = -p - z + 8. Suppose p*u = 4*k - 7, -5*k = -3*u - k - 1. Let h(x) = -4*x + 2. Calculate h(u).
14
Let n(u) = -5*u + 18. Let f(c) = -2 - 3*c - 6*c**2 - 4*c**2 - 2*c**3 + c**2 - 3 - 3*c. Let b be f(-4). Give n(b).
3
Let w = 9 + -13. Let u be ((-1)/w*0)/2 - -97. Let h = 101 - u. Let z(o) = o**2 - 4*o - 5. Calculate z(h).
-5
Let c(x) be the first derivative of x**6/360 - x**4/24 - 31*x**3/3 + 52. Let p(k) be the third derivative of c(k). Determine p(0).
-1
Suppose 122*q = 9 + 84 + 151. Let o(u) = -10*u**2 + 2*u - 3. Determine o(q).
-39
Suppose 32 = 3*b - 43. Suppose -u = 5*k - 6*u - 20, 5*u = -b. Let z(s) be the first derivative of -7*s**4/4 + s**3/3 + s**2/2 - 1085. What is z(k)?
7
Let o(s) = 62*s**2 + 11*s + 4. Let w(u) = -61*u**2 - 14*u - 5. Let t(j) = -4*o(j) - 3*w(j). Determine t(-1).
-64
Let r(n) = -n + 1. Let b(q) = 7*q. Let h(k) = b(k) + 6*r(k). Let g be 61/((-244)/24) - -6. Determine h(g).
6
Let u = -351 - -357. Let k(f) = -2*f + 3*f**2 - u*f**2 + f**3 - 5*f**2 - 227 + 225. Calculate k(8).
-18
Let c = 294 - 190. Let d be ((c/39)/(-2))/((-2)/6). Let b(l) = -3*l + 4. What is b(d)?
-8
Suppose g - 2 = -5*x, 23*g + 3*x + 6 = 20*g. Let p(m) be the first derivative of -3*m**2/2 - 4*m - 2. Calculate p(g).
5
Let u(i) = 2*i**3 - 7*i**2 + 14*i + 2. Let r(c) = 3*c**3 - 7*c**2 + 15*c + 5. Let p(m) = 3*r(m) - 4*u(m). Give p(-8).
31
Let s(t) = -25 + 96 - 24 - t - 32 - 27. Give s(2).
-14
Let p(w) = -278*w - 269*w - 28 + 548*w. What is p(7)?
-21
Let g(d) = -d**2 + 6*d - 3. Let r be g(5). Let l(u) = 13*u - 3 + r - 3 + 3. Let p be (21/12)/(-7)*-4. Calculate l(p).
12
Suppose 131 - 605 = 79*n. Let p(d) = -10*d - 33. What is p(n)?
27
Suppose 5 = 5*c + 3*u - 18, 5*u + 34 = 2*c. Let p(x) = -8*x**2 + c + 11*x**2 + 2*x + 4*x**2 + x**3. Give p(-7).
-7
Let l(i) be the first derivative of i**3/3 + 8*i**2 + 67*i - 6844. Give l(-11).
12
Suppose 25 = 5*d, 1859 = -0*w + 2*w + d. Let p(a) = -463 + w - 466 + 6*a**2. Determine p(2).
22
Let u(i) = i + 1. Let d(v) = 8*v - 6*v + v**3 + 49*v**3 - 2. Let k be d(1). Suppose -2*o + 14 = l + 1, 5*o - k = -5*l. Calculate u(l).
8
Let p(t) be the third derivative of 0 - 7/6*t**3 + 0*t - 140*t**2 + 1/12*t**4. Give p(5).
3
Let j(o) = 6*o**2 - 2*o - 2. Suppose 0 = 4*t - 239*l + 234*l + 17, 2*l = 10. Give j(t).
18
Let q(g) = -g**3 - 1138 - g**2 - 3*g + 660 + 476. Let v = -2 + 0. What is q(v)?
8
Let i be (108/(-9))/3 + (-5)/(-2)*2. Let m(d) = -d**3 - d + 1. Let s(f) = -12*f**3 - f**2 + 6*f - 5. Let z(h) = -4*m(h) - s(h). Give z(i).
16
Let n(g) = 4*g**2 + 4*g + 1. Suppose -t - 4*j - 37 = -41, -3*j - 14 = 5*t. Calculate n(t).
49
Let h be -2*(1/2 + 0). Let y(g) be the second derivative of 7*g**4/12 - g**3/6 + 24*g**2 - 278*g. Let q(a) be the first derivative of y(a). Give q(h).
-15
Let x(p) = -20*p**2 + p + 1. Let d(k) = -81*k**2 - 18*k - 117. Let h(f) = d(f) - 4*x(f). Determine h(-13).
-4
Let m(y) = -36 - 3*y**3 + 21*y**3 + 22*y**2 - 17*y**3 + 19*y. Calculate m(-21).
6
Suppose -20*i = -125*i - 3045. Let y(t) = t + 39. Give y(i).
10
Let c(z) be the first derivative of 109*z**2 - 3*z - 108*z**2 - 32 + 124. Calculate c(5).
7
Suppose 3*n = -0*n - 3. Let l(r) be the second derivative of r**3/2 + r**2/2 + r - 3976. Give l(n).
-2
Let h(a) be the third derivative of a**5/60 - 5*a**4/12 + 2*a**3/3 - 1776*a**2. Determine h(7).
-17
Let t(k) = -8*k + 67. Let c be t(8). Let q(h) = -3 - 20*h**3 - h + 0*h + 4 + 25*h**c - h**2. What is q(1)?
4
Let q(a) = -33 - 2*a**2 - 19*a - 29 + 3*a**2 - 37 + 97. What is q(17)?
-36
Let w = 857 + -851. Let p(q) = 23*q**2 - 37*q**2 - q + 1 - 3*q. Let s(d) = 5*d**2 + d. Let t(b) = 6*p(b) + 17*s(b). What is t(w)?
0
Let t(p) = -3*p - 38. Let l = 28 + -42. Let x be t(l). Let y(q) = -2*q - 5*q + 8*q + x*q + 3 + q**3 + 6*q**2. Give y(-5).
3
Let a(y) = 3*y**2 - 18*y - 37. Let z(l) = -2*l**2 + 8*l + 16. Let p(g) = 3*a(g) + 5*z(g). Calculate p(-9).
14
Let d be 10 + 528/(-54) + (-10)/45. Let c(q) = 12*q + 30. Determine c(d).
30
Let r be ((133/38)/(63/36))/((-1)/2). Let z(k) = -2*k**2 - 4*k + 15. Determine z(r).
-1
Let d(q) be the first derivative of q**3/3 - q**2 - 13*q + 1628. Calculate d(6).
11
Let r(f) = 2*f**2 + 3*f + 3. Let p(q) = q**3 - 2*q - 2. Suppose -z = 5*z - 4*z. Let x be (1 - 2 - z)*0. Let n be p(x). Give r(n).
5
Let r(i) = -7*i - 116 - i**2 + 5*i**2 + 33 + 84. Calculate r(3).
16
Let p = 1869 + -1861. Let g(s) = -s**2 + 18*s - 72. Determine g(p).
8
Let g(u) be the second derivative of -u**4/6 - 2*u**3/3 - 346*u. Let i be (-90)/24 - (-6)/8. Calculate g(i).
-6
Let i = -79 - -164. Let q = i - 83. Let u(g) = -6*g + g**3 + 7 - 16*g**2 + 2*g**q + 10*g**2. Calculate u(5).
2
Let o(g) = 1233*g**2 - g**3 - 2488*g**2 + 6 + 1245*g**2 - 9*g. Suppose -4*l + 0*l = 36. Give o(l).
6
Let i(k) = 49*k - 96. Let u be i(2). Let v(w) = -w**3 - 5 - w + 4*w**u + 1 + 1 + 4. Determine v(4).
-3
Let g(c) = 4*c**2 + 8*c + 19. Let v be g(4). Let j(i) = v*i + 114*i - 351*i - 7 + 120*i. Let m(u) = u**3 - 5. Let t be m(0). Give j(t).
3
Let c(z) be the second derivative of z**4/12 + 4*z**3/3 - z - 1320. Suppose 0*u = -2*l + 4*u + 4, -3*u + 6 = -3*l. What is c(l)?
-12
Let j = -41 - -43. Let y(o) = o**2 + 7*o - 12. Suppose -2*a - 2*z - 5 = 9, -4*a + 2*z + 2 = 0. Let q(x) = 2*x - 3. Let w(p) = a*y(p) + 9*q(p). Determine w(j).
-3
Let w(a) = -3*a - 10. Let x(o) = o**2 + 22*o + 36. Let p be x(-19). Let y be 91/p + 4/(-6). Determine w(y).
5
Let w(h) = -2*h + 1. Suppose -10332 = -9*j - 10296. Determine w(j).
-7
Let m(t) be the first derivative of t**3/3 - 3*t**2 + t + 5. Suppose 12*y - 16*y - 18 = -5*w, 0 = 2*y - 6. Calc